ate the remainder when b(-10) is divided by k.
7
Let a = -7 - -14. Suppose z + 17 + 13 = 0. Let u = 41 + z. Calculate the remainder when u is divided by a.
4
Let v(w) = -w**3 + 14*w + 8. Let j be v(-5). Let a = -17 + j. Calculate the remainder when a is divided by 12.
10
Let m be (-13 + 1)/(-3) + 0. What is the remainder when m/(-6) - 496/(-6) is divided by 28?
26
Suppose -a = 2*o + 2*o - 18, a = -5*o + 22. Suppose a*h - 7 = 17. Calculate the remainder when 32 is divided by h.
8
Let n(m) = -2*m - 9. Let p be n(-7). Suppose -a + 24 = -p. What is the remainder when a is divided by 6?
5
Let p = 622 + -306. What is the remainder when p is divided by 17?
10
Let u(o) = o**2 + 9*o + 12. Let t be u(-8). Let f = 12 + t. Suppose -2*j + 53 = -69. What is the remainder when j is divided by f?
13
Suppose 150*o + 4*c = 149*o + 608, -2*o - c + 1188 = 0. Calculate the remainder when o is divided by 54.
52
Suppose 2*g - 242 = 70. Let q = -102 + g. Suppose 0 = -6*c - 7 + 121. Calculate the remainder when q is divided by c.
16
Let s be (252/(-3))/2 - 6/3. Let n = 127 + s. What is the remainder when n is divided by 28?
27
Let x(t) = -t**3 + 7*t**2 - t + 3. Let b(n) = -3*n - 25. Calculate the remainder when x(5) is divided by b(-14).
14
Suppose 12*j + 96 = -0*j. Calculate the remainder when 64 is divided by 24 - -4*10/j.
7
Suppose -3*u + 119 = -124. Suppose 0 = 34*j - 12*j - 308. Calculate the remainder when u is divided by j.
11
Suppose -4*m + 2*m + 8 = 0. Let v be 1*(20*2 - 3). Suppose -m*j + 2*p = -164, j - 3*p - v - 14 = 0. Calculate the remainder when j is divided by 14.
11
Let o = -38 + 58. Let r be (96/(-10))/((-3)/15). Suppose -4*i - 20 + r = 0. Calculate the remainder when o is divided by i.
6
Let d = -112 + 220. Let x = 70 + -35. Suppose 113 = 4*n - x. What is the remainder when d is divided by n?
34
Suppose 3*b = 10 + 5. Let l be (2 + 8/(-6))/(3/54). Suppose l = k - b. Calculate the remainder when k is divided by 10.
7
Suppose -4*m = 3*i, -3*i + m + 23 = 2*i. Let z(r) = 1 + 4 + 38*r**3 - i - r. Calculate the remainder when z(1) is divided by 20.
18
Let k = -1301 + 1417. What is the remainder when k is divided by 64?
52
Let x(i) = 2*i**3 - 2*i**2 - 5*i. What is the remainder when 45 is divided by x(3)?
3
Let p = -216 + 81. Let g = 168 + p. What is the remainder when 95 is divided by g?
29
Let g be ((-204)/(-18))/(2/(-3)). Let f = g + 33. What is the remainder when 61 is divided by f?
13
Let w(h) = -13*h - 3. Suppose 15 - 13 = -2*q. What is the remainder when (3 + q)/((-2)/(-43)) is divided by w(-2)?
20
Let f(p) = p**2 - 4*p + 2. Let d be f(4). Let o(t) = t + 8. Let g be o(-14). What is the remainder when 3 is divided by ((-2)/g)/(d/6)?
0
Let y(g) = 115*g**2 - g - 6. Let h be y(3). Suppose -369 + h = 3*d. What is the remainder when d is divided by 37?
34
Suppose -3*x + 12 = x. Suppose 4 = -5*a - x*z + 129, 0 = 3*a - 5*z - 75. Calculate the remainder when (1 - -2)/(9/219) is divided by a.
23
Suppose -2*t + 171 = t. Suppose -2*a + t = 51. What is the remainder when 3 is divided by a?
0
Let q(u) = u**3 + 6*u**2 + 3*u + 5. Let v(y) = 12*y**2 + 6*y - 5. Let p be v(3). Let z = p - 63. Calculate the remainder when z is divided by q(-5).
13
Let m(k) be the second derivative of 4/3*k**3 - 4*k + 2*k**2 + 0 + 1/12*k**4. What is the remainder when m(-10) is divided by 9?
6
Let g = 43 + -19. Let v = g + 3. What is the remainder when v is divided by 11?
5
Calculate the remainder when (-4)/12*(-2385)/3 is divided by 68.
61
Let u = -33 + 45. Calculate the remainder when 91 is divided by (-8)/u*(-11)/((-11)/(-36)).
19
Let h(l) = -61*l + 7. Calculate the remainder when h(-5) is divided by 7.
4
Suppose -11 = 4*s + 3*w, w = 4*s - 0*w - 9. What is the remainder when (-1)/(4/(-76)*s) + -2 is divided by 9?
8
Let v(j) = j**2 + 1. Let r(x) = 6*x**2 + 22*x + 29. Let d(z) = r(z) - 5*v(z). What is the remainder when 16 is divided by d(-21)?
1
Suppose -1370 = -5*a + 1750. Suppose -5*v = v - a. What is the remainder when v is divided by 27?
23
Let q = 11 + -7. Suppose -y - 1275 = -6*y. Suppose 0 = 5*t + q*s - 370, -2*t - 2*t + y = -5*s. What is the remainder when t is divided by 24?
22
Suppose h + 7 = 3. Let u be -468*h/(-18)*-3. Let i = u - 218. Calculate the remainder when i is divided by 24.
22
Suppose 245 - 45 = 4*v. Suppose 3*z = -13 - v. Let u = z - -47. Calculate the remainder when 103 is divided by u.
25
Let p(c) = -c**2 + 4*c - 40. Let y be p(13). Let t = -71 - y. What is the remainder when t is divided by 23?
17
Suppose c + 2*p = p + 9, 2*c - 4*p - 12 = 0. Let o(g) = -16*g + g**2 + c*g + 7*g + 35. What is the remainder when o(0) is divided by 9?
8
Let a(v) = 6*v + 6. What is the remainder when a(2) is divided by (-2)/(-8) - (-78)/8?
8
Suppose -4*t + c = -428, -5*t - 5*c = -3*c - 535. Calculate the remainder when t is divided by 12.
11
Calculate the remainder when 718 is divided by 16/((-9 - -6) + 4).
14
Suppose 5*x - 192 = -22. Let w be 6 + (2 + -5)*1. Calculate the remainder when x is divided by (-1 + w)/((-2)/(-18)).
16
Let z = -92 - -136. Let t(w) = 2*w - 3. Let u be t(2). Calculate the remainder when z is divided by 2 - u - (-16 + 5).
8
Let q(k) = 16*k**2 - 1. Let g be q(-1). What is the remainder when 23 is divided by 0 - (3 + g)/(-2)?
5
Suppose 5*l + h = l + 49, 3*l + 5*h = 41. Suppose 0 = -4*a - 4*i + 68 - 316, -3*i + 294 = -5*a. Let j = 107 + a. What is the remainder when j is divided by l?
11
Let d = 33 - 17. Let b = -1542 - -1551. What is the remainder when d is divided by b?
7
Let l(v) = -27*v - 7. Let a = 5 - 9. Let z be l(a). Suppose 5*d = 89 + z. What is the remainder when d is divided by 20?
18
Let a = -8 + 12. Suppose a*f = 3*f + 22. Calculate the remainder when f is divided by 12.
10
Let m = -472 - -585. Calculate the remainder when 448 is divided by m.
109
Let f(m) = m**2 + m + 67. Suppose -k + 7*d = 4*d - 23, -2*k + 36 = -d. What is the remainder when f(0) is divided by k?
16
Suppose 71 + 49 = 3*w. Suppose -4*g + 63 = -g + q, -2*q = 0. What is the remainder when w is divided by g?
19
Calculate the remainder when 25 is divided by 2160/200 - 1/(-5).
3
Let c(y) = -13*y + 15*y**3 + 13*y. What is the remainder when 5456/93*6/4 is divided by c(1)?
13
Suppose 0 = -10*g + 6*g - 4*o + 176, -2*g = -2*o - 84. Calculate the remainder when g is divided by (-8)/(-3 - 32/(-12)).
19
Let s be -1 - -4 - (-536)/(-3 + 7). Suppose 0 = -5*q - 27 + s. Calculate the remainder when 65 is divided by q.
21
Let i = 61 + -56. Suppose -i*t + 28 = -132. What is the remainder when t is divided by 7?
4
Suppose -s = -6*s + f + 56, -52 = -3*s - 4*f. Let d = -35 - -89. What is the remainder when d is divided by s?
6
Suppose 3*d - 5*k - 43 = -0*k, -4*d - 3*k + 67 = 0. What is the remainder when 84 is divided by d?
4
Let r(z) = z**3 - 3*z**2 + 6*z + 5. What is the remainder when 61 is divided by r(3)?
15
Suppose -3*g + 403 = 22*n - 20*n, 0 = -5*g + 3*n + 678. What is the remainder when g is divided by 28?
23
Let o(f) = 17*f + 124. Let a(t) = -t + 1. Let g(x) = 8*x - 6. Let j(s) = 28*a(s) + 4*g(s). Calculate the remainder when j(3) is divided by o(-7).
1
What is the remainder when 30 - (2/(-1) + 0) is divided by (84/16)/7*24?
14
Let j(d) = 9*d**3 - d. Let t be j(1). Calculate the remainder when -24*-3*2/t is divided by -1 - -5 - -1*(2 - 1).
3
Let b = -67 - -113. Calculate the remainder when b is divided by -3 + 29/1 + -2.
22
Suppose -8*w + 379 = -829. What is the remainder when w is divided by 24?
7
Let b(h) = h + 4. Let u be b(0). Let p(n) = n - 1. Let i be p(u). Suppose 0 = -3*a - m + 53, 2*m + 56 = i*a - 9. What is the remainder when 36 is divided by a?
17
Suppose 0 = 19*u - 25*u + 36. Calculate the remainder when 6 is divided by u.
0
Suppose 0 = 7*i - 8 + 113. Let a = i - -23. Calculate the remainder when 20 is divided by a.
4
Suppose 6*a = -3*m + 1353, -a = -7*m + 3*m - 212. Calculate the remainder when a is divided by 15.
14
Suppose 5*n - 4*d = 53, 2*d + 4 = 4*n - 42. Calculate the remainder when 61 is divided by n.
9
Suppose 4*b - 120 = -5*w + 290, -4*w - b + 328 = 0. Calculate the remainder when w is divided by 43.
39
Let u(o) = -o + 1. Let d(p) = -8*p - 111. What is the remainder when d(-17) is divided by u(-6)?
4
What is the remainder when 180 is divided by 1/((-3)/21) + 33?
24
L